- 4, 2*s = -5*b + c. What is the units digit of b?
0
What is the tens digit of (-4)/6 - (1 - 2710/6)?
5
Let n be ((-26)/3)/(3/9). Let y be -1 - (n + 2/1). Suppose -3*u + 10 = -y. What is the units digit of u?
1
What is the units digit of 2 - 32/14 - (-88569)/91?
3
Suppose -4*l = -10*l. Suppose l = f - 3*a - 7, 6*f - 3*f - 21 = -3*a. What is the units digit of f?
7
Let w be (-23)/(-4) + 1/4. What is the units digit of (-43 + 0/w)*1*-1?
3
Let f = -6 - -8. Let z(u) = -1 + f*u - u**2 - 5 + 1 + 3*u. What is the units digit of z(3)?
1
Let o = 646 + -223. What is the tens digit of o?
2
Let v = -29 + 79. What is the units digit of v?
0
Let y = 24 + -13. What is the units digit of (-2)/y + (-1020)/(-44)?
3
Let t(b) = b**3 + 8*b**2 + b + 8. Let c be ((-2)/(-4))/((-4)/64). Let h be t(c). Suppose -3*q + 99 + 3 = h. What is the units digit of q?
4
Let r(a) = 13*a**2 + 3*a + 2. Let y be r(-1). Suppose -16*w + 168 = -y*w. What is the tens digit of w?
4
Suppose 0 = -5*h - h + 12. Let d(n) = -2*n**2 + 6*n - 3. Let t be d(h). What is the units digit of (2/t - 4)*-2?
4
Let p(w) = w**3 + 3*w**2 + w + 2. Let q be p(-4). What is the tens digit of 2/(-4) - 2007/q?
1
Suppose -4*r = 4*l + 4, 0*l + 5*l = r - 35. Let x(w) = -9*w + 3*w**2 + 791 - 805 + 14*w. What is the units digit of x(l)?
4
Let x = 36 + -14. Suppose -724 = 18*o - x*o. What is the units digit of o?
1
Let a(k) = -70*k + 154. What is the units digit of a(-15)?
4
Let i = 109 + -49. Suppose 37*h = 39*h - i. What is the tens digit of h?
3
Suppose -23*x = -26*x + 12. What is the units digit of 143/4 + 5/80*x?
6
Let r(w) = -9*w**3 + 31*w**2 + 13*w + 22. Let i(f) = 5*f**3 - 16*f**2 - 6*f - 11. Let s(j) = -7*i(j) - 4*r(j). What is the tens digit of s(13)?
2
Let r(m) = m**3 + 7*m**2 + 7*m - 4. Let f be r(-7). Let k = -48 - 62. Let w = f - k. What is the units digit of w?
7
Let o = -2 - -890. What is the units digit of o?
8
Suppose 0 = 3*t - 1599 - 135. What is the units digit of t?
8
Suppose -x - 30 = 2*x. Let v = x - 6. What is the tens digit of (-4 + 3 - v) + 3?
1
Let m be 6/(-5)*-5 - 4. Suppose -m*u + 185 = -41. What is the hundreds digit of u?
1
Suppose a - 3*a + 4 = 0. Suppose a*g - 4*g = -30. Suppose -5*u - 2*i + 131 = 0, 0*i - g = -5*i. What is the tens digit of u?
2
Let c(w) = 2*w**2 - 8*w - 52. Let l be c(-16). Suppose -5*b + 92 = -l. What is the hundreds digit of b?
1
Let j = 4 - 4. Suppose j = -a - a. Suppose -2*b - c + 5*c + 56 = 0, a = 4*b - 5*c - 106. What is the units digit of b?
4
Let g = -41 - -319. What is the tens digit of g?
7
Let h = -480 - -1077. What is the hundreds digit of h?
5
Let f be ((-2)/(-3))/(2/(-9)) - -275. Suppose -12*r = -14*r + f. What is the hundreds digit of r?
1
Let q(k) = -97*k + 175. What is the hundreds digit of q(-21)?
2
Let p = 1451 + -607. What is the tens digit of p?
4
What is the tens digit of (3 - 8652/30)*-5?
2
Suppose -5*w + 5 = m + 27, 2*m - 4*w = 26. Suppose 0 = m*y + 5*a - 0*a - 111, 2*y = -2*a + 78. Suppose 0 = 5*v - 212 + y. What is the units digit of v?
4
Suppose 3*d + 0 = 2*k - 7, -2*k + 4*d + 6 = 0. Suppose k*l - 5 = p, p - 2*l - l - 3 = 0. Let i = 33 - p. What is the units digit of i?
8
Let l be 705/4*16/(-1). What is the units digit of (-4)/6*l/40?
7
Let x be 18*1/(-3)*-1. Let n(u) = u**2 - 8*u. Let f be n(x). What is the tens digit of 2/(-8) - 375/f?
3
Let d(b) = -b**2 - 17*b + 5. Let u be d(-17). Suppose 0 = -u*c + 23 + 87. Suppose 72 = -c*o + 26*o. What is the units digit of o?
8
Let w(c) = 132*c**3 + c**2 - 4*c + 3. What is the units digit of w(1)?
2
Let o(f) = f**2 - 9*f + 6. Let b be o(8). What is the tens digit of -1 - (1 - (45 - 3) - b)?
3
Suppose 0 = -m - 0*m + 22. Let z = m - 8. What is the units digit of 74/z - (-24)/(-84)?
5
Suppose -137 - 179 = -2*t. Let s = -62 + t. Suppose -4*p + 40 = -s. What is the tens digit of p?
3
Suppose 1907 - 560 = 3*b. What is the units digit of (-27)/(-18) - (-3)/6*b?
6
Let u(h) = 1993*h**2 + 22*h - 21. What is the tens digit of u(1)?
9
Let q be (4 + (-80)/15)*-114. Let k = q + -140. What is the tens digit of k?
1
Let w = -396 + 666. What is the hundreds digit of w?
2
Let l be (1 - 0)/((-4)/(-16)). Suppose -5*u - l*m - 127 = -449, 180 = 3*u - 2*m. What is the tens digit of u?
6
What is the hundreds digit of 10910/40 + (-4)/(-16)?
2
Suppose -3*x = -0*x + 24. Let j be 6/(-4)*x/(-12). What is the tens digit of 5 + 18 - (j - -2)?
2
Let h be (2 - 8/3)*-3. What is the tens digit of (h/(-4))/(8/(-784))?
4
Let p = -75 - -79. Suppose 1267 = 5*o + 2*h, p*h - 52 = -o + 187. What is the tens digit of o?
5
What is the hundreds digit of ((-14)/((-280)/1788))/((-9)/(-30))?
2
Suppose 2*x - 139 = 3*y, -x - 274 = -5*x + 2*y. Suppose -5*z - 5*v + 20 = 0, 0 + 18 = 3*z - 3*v. Suppose -z*r = -r - x. What is the units digit of r?
7
Suppose -5*g - 2756 = -4*z, 19*z - 3*g = 16*z + 2067. What is the tens digit of z?
8
Suppose 0*n - 5*t = n - 390, 3*t = 3*n - 1206. What is the tens digit of (n/15)/(3/9)?
8
Let v be 0/(-4 - 8/(-4)). Suppose 5*r + v*r - 10 = 0. What is the units digit of (8/(-2 + 4))/r?
2
Let i(b) = b**2 - 17*b + 36. Let x = -2 + 24. What is the tens digit of i(x)?
4
Let h be (1 - 34/(-6))*252/15. Let v = h + -41. What is the units digit of v?
1
Let r be (-1 + -2)*77/(-33). Let p = r + -5. Suppose 3*a - 78 = -2*y, -p*a + 6*a = -2*y + 106. What is the units digit of a?
8
Suppose x + 56 = 58. Suppose 22 = 4*m + 4*d - 14, -5*m = x*d - 54. What is the tens digit of m?
1
Suppose -4*j + 2*j + 1171 = p, 2*p - 1755 = -3*j. What is the hundreds digit of j?
5
Suppose -167*a - 197295 = -202*a. What is the units digit of a?
7
Let h be 4016/64 + (-2)/(-8). Let a = h - 62. What is the units digit of a?
1
Suppose p = -4*u + 498 + 259, 2*u + 745 = p. What is the tens digit of p?
4
Let k be -4*4/(-16) + 1. What is the units digit of 5/k*((-36)/30 - -2)?
2
Suppose 5*j - 280 = 4*j. What is the tens digit of j?
8
Suppose -5*a + 978 = -2*a. Suppose 2*l - 371 = -l - 4*j, 5*j + a = 3*l. Suppose -z + 4*z - l = 0. What is the tens digit of z?
3
Let o(t) = t**2 - 6*t + 6. Let j be o(4). Let b be j/(-5) - (-94)/(-10). What is the tens digit of 24 - 3/(b/(-6))?
2
Suppose -3151 = -97*h + 234887. What is the hundreds digit of h?
4
Let r(z) be the second derivative of 7*z**3/2 + z**2/2 + 412*z. Let x = -4 + 6. What is the units digit of r(x)?
3
Let f = 2004 + 74. What is the units digit of f?
8
Let c(i) = i**3 - 13*i**2 - 14*i. Let m be c(14). Suppose -j + 34 + 0 = m. What is the units digit of j?
4
Let d be 7*((-12)/(-14))/(-1). Let t(g) be the first derivative of -g**2/2 + 18. What is the units digit of t(d)?
6
Let z(q) = q**2 - 10*q - 12. Let g = 14 + -2. What is the tens digit of z(g)?
1
Let h be 55/3 + (-7)/21. Suppose -5*v + 85 = 4*q, -2*v - 2*q + 54 = h. Suppose 3*d + c - 3 = v, -2*d = -c - 14. What is the units digit of d?
6
Let g = 207 - -1333. What is the units digit of g?
0
Suppose -25 = 2*j - 7*j. Suppose 0*f = -2*i + j*f + 38, 13 = i - f. Suppose 3*k = i + 9. What is the units digit of k?
6
What is the hundreds digit of (-43394)/(-91) - 6/7?
4
Suppose 5*q + 4*v - 2698 = 0, 0 = -2*q - 0*v - 3*v + 1082. What is the hundreds digit of q?
5
Let z be (88/(-56) - 4/(-7)) + -52. Suppose -128 = -2*o + 50. Let k = o + z. What is the units digit of k?
6
Suppose 2*f - 1864 = 2*s, 1128 = -4*f - 4*s + 4816. What is the hundreds digit of f?
9
Let b = -2587 + 4748. What is the units digit of b?
1
Suppose 3*m + 6 = 2*k - 2, -5*k + 31 = -2*m. Suppose -k + 2 = -q. Suppose -3*c = -1 - q. What is the units digit of c?
2
Let i(f) = f**3 - 8*f**2 - 9*f + 3. Let w be i(9). Suppose 3*k = -2*h + 264, w*k = -k - 2*h + 354. What is the units digit of k?
0
What is the hundreds digit of (-26343)/(-36) + 11 + (-1)/(-4)?
7
Let r(y) = -2*y - 7. Let k be r(-6). Let h = -3 - -13. Suppose 0*m + h = k*m. What is the units digit of m?
2
Let g = 853 + -490. Suppose 5*q - 314 = -3*u, -q + 197 + g = 5*u. What is the tens digit of u?
1
Let z be (-15 - 1)*(-174)/(-12). What is the tens digit of ((-51)/(-34))/((-6)/z)?
5
Let p be 2/(-8) + (-41)/(-4). Let s be 794/p + (-12)/30. Let f = s - 52. What is the units digit of f?
7
Let a = 30 - 0. Let v be (4 + 0)*a/(-8). Let i(m) = -m**2 - 16*m + 1. What is the units digit of i(v)?
6
Suppose -7*f + 13 + 8 = 0. Suppose 0 = -f*l - 7*l + 28